ppose -4*s + w = -2*s + y, -2*s + 4*y = -512. Let d(n) = 8*n - 16. Let a be d(5). Calculate the greatest common factor of a and s.
24
Let n = -397 + 344. Let v be (-96)/(-24) - 1*n. What is the greatest common divisor of v and 57?
57
Let o be 575/(-69)*816/(-10). Calculate the greatest common factor of o and 595.
85
Let g be (-18)/(-3 - 28/(-12)). Suppose 0 = 3*s - 2*f - 103, 4*s - 19*f - 164 = -23*f. Let v = s - g. Calculate the highest common divisor of 30 and v.
10
Suppose 0 = 4*n + 28 - 4. Let d be (-1 + 0)/((-58)/(-10) + n). Suppose -d*o + 10*o = 680. What is the greatest common factor of o and 17?
17
Suppose 5*f - 4*v - 28 = 0, 2*f + 8*v = 4*v. Suppose f*o + 548 = 1472. What is the highest common divisor of o and 77?
77
Suppose -i + 0*i = -270. Let x be (-72)/(-132) + -1*(-642)/(-66)*-2. Calculate the highest common divisor of x and i.
10
Let b = 88 - 82. Suppose b*d - 162 = 54. What is the highest common divisor of 8 and d?
4
Suppose b - 3*b = -g + 226, g + 4 = 0. Let l = b + 216. Let w = l - 2. Calculate the highest common divisor of w and 9.
9
Let s be ((-12)/5)/((-264)/35200). Let c(a) = -a**2 + 9*a - 4. Let y be c(5). Calculate the highest common divisor of y and s.
16
Let j be 1/(-1) - -240 - -1. Let f be 7/(14/18) + -9*(-2)/3. What is the greatest common factor of f and j?
15
Let b be 15 - 11 - 13/(13/(-1386)). What is the greatest common divisor of 30 and b?
10
Suppose 2*w + 5*l + 116 = 0, -2*l + 5 = 1. Let c = -9 - w. Suppose 106 + c = 4*f. What is the highest common factor of f and 5?
5
Let v(c) = 64*c + 986. Let w be v(-15). What is the greatest common divisor of w and 4589?
13
Let p = 27 - 30. Let u be 1/(1*(p + 2)). Let q be u/(4 + 1059/(-264)). Calculate the greatest common factor of 11 and q.
11
Let z = 14 + -60. Let l = z - -83. Suppose -8*k - 592 = -24*k. Calculate the highest common divisor of l and k.
37
Let x(k) = k**2 - 15*k + 141. Let l be x(8). Suppose -89*o + l*o + 248 = 0. What is the greatest common factor of o and 1054?
62
Let q(n) be the second derivative of -n**3/3 + 17*n**2/2 + 7*n. Let l = -207 + 211. Let x be q(l). What is the greatest common divisor of x and 45?
9
Suppose -31213 + 31339 = 6*v. What is the highest common factor of v and 7413?
21
Let p = 371 - 327. Suppose 18 = x + t, 2*x - p = -3*t - t. Calculate the greatest common factor of x and 322.
14
Let y = 14 - 17. Let k be 85/(y/((-12)/4)). Let w = k - 4. What is the highest common factor of 9 and w?
9
Let s = -160 - -2925. Calculate the highest common divisor of s and 35.
35
Let i(q) = q**3 + 14*q**2 + 30*q - 10. Let b be i(-6). What is the greatest common factor of 105 and b?
7
Let t = -252 - -258. Let b be (3/6*18)/(24/688). Calculate the greatest common divisor of t and b.
6
Suppose -6*a + 44 = 14. Suppose 3*o - 5*x = -0*x + 22, x = -a*o + 18. Let d be ((-8)/(-5))/(o/410) - 2. Calculate the highest common divisor of 18 and d.
18
Let l be 10/(4 + -14)*(1 + -42). What is the greatest common factor of l and 2747?
41
Suppose 317 = 8*t - 155. Let k be (1 - 0)*(-22 + t). Suppose 4*n + 1 = k. What is the highest common factor of n and 72?
9
Let y be 72/(-96)*28/(-1). What is the greatest common factor of y and 497?
7
Let h(c) = -81*c + 752. Let z be h(8). Calculate the greatest common factor of 559 and z.
13
Suppose 4 = -7*k + 6*k + 3*a, -4*a = -2*k + 2. Let j(r) = r. Let i be j(-3). Let u be (-1)/((-3)/(-6)) - i. Calculate the greatest common divisor of k and u.
1
Suppose 181 = 5*q - 239. Let c(m) = -3*m - 49. Let d be c(-21). Calculate the highest common divisor of q and d.
14
Let o(a) = -6*a + 8. Let r be o(-6). Let c be (7358/39)/((-4)/6). Let l = c - -767. What is the highest common divisor of l and r?
44
Let t(c) = 12*c**2 + 6. Let r be t(-5). Suppose 4*l - 147*s = -145*s + 78, 2*s = -2*l + 30. What is the greatest common divisor of l and r?
18
Suppose 2*j - 11714 - 8981 = -5*b, 7*j = 2*b + 72374. What is the highest common divisor of 220 and j?
220
Suppose f + 402 = 4*n - 399, -4*f = -4*n + 780. Calculate the highest common divisor of n and 17473.
101
Let k = 234 - 69. Suppose 15*q - 1155 = -0*q. Suppose 75*i + 30 = q*i. Calculate the highest common factor of i and k.
15
Let g(z) = -z**2 - 6*z + 2. Let p be g(-7). Let a(u) = 4*u**2 - 9*u + 2. Let o be a(3). Let j = o - p. Calculate the greatest common factor of j and 64.
16
Let v be (6426/(-612))/((-2)/(8/3)). Calculate the greatest common factor of 2114 and v.
14
Let n = 646 + -332. Suppose 55 = -n*h + 319*h. What is the greatest common factor of 209 and h?
11
Let q = -15013 - -15064. Calculate the greatest common factor of 901 and q.
17
Let v = 7773 + -7478. What is the highest common factor of 5 and v?
5
Suppose 0 = -2*z - 8 + 58. Let v be 50/(-3 - -8) - 2. Suppose 2*g + 60 = v*g. Calculate the greatest common divisor of z and g.
5
Let m = 5 - 5. Let s be m + 1 - 2 - -11. Let d(c) = -51*c - 271. Let f be d(-6). Calculate the highest common divisor of f and s.
5
Suppose 18252 = 76*t + 41*t. Calculate the greatest common factor of t and 3484.
52
Suppose 4 = 7*d - 9*d, c - 2*d = -278. Let p be ((-63)/(-42))/((-3)/c). Calculate the greatest common factor of p and 517.
47
Suppose 9 = 4*f - 3*f. Let q(k) = 11*k. Let b(a) = 9*a + 16. Let x(w) = -3*b(w) + 3*q(w). Let l be x(f). Calculate the greatest common factor of 3 and l.
3
Let b(d) = -3*d - 66. Let s be b(-27). Suppose -2*l + 7*l = s, 3*y - 519 = -3*l. Calculate the greatest common factor of y and 20.
10
Let l(r) = -r**3 - 6*r**2 + 14*r - 15. Let o be l(-8). Let s be (-45 - -4)/(o*-1). What is the greatest common divisor of s and 287?
41
Let h = 409 + -404. Suppose -2*i = 8, 2*n - 25 = -3*n + h*i. Calculate the highest common divisor of n and 32.
1
Suppose -q - 5*h + 86 = 0, q + 3*q - 367 = 3*h. Let t(m) = 19*m + 127. Let x = -217 - -211. Let y be t(x). Calculate the greatest common factor of y and q.
13
Let u be (-460)/184*474/(-15). What is the greatest common divisor of 7 and u?
1
Let s = 131 - 187. Let u be ((-6)/4)/(42/s). What is the highest common factor of u and 18?
2
Suppose -6*t + 4 = -14. Suppose -t*f + q + 274 = -0*f, -3*q = 4*f - 348. What is the highest common factor of f and 60?
30
Let n = -31 + -610. Let y = -503 - n. Calculate the greatest common divisor of y and 161.
23
Let w = 68 + -61. Let c(f) = -f**3 - 10*f**2 - 10. Let k be c(-8). Let g = -75 - k. What is the highest common factor of g and w?
7
Suppose -11*g - 473 - 341 = 0. Let z(f) = 35*f - 10. Let d be z(4). Let b = g + d. What is the highest common divisor of 8 and b?
8
Let c(d) = -4*d**2 - 58*d - 141. Let i be c(-4). What is the greatest common divisor of 459 and i?
27
Let f = 553 + -528. Calculate the highest common factor of 4925 and f.
25
Suppose -1 + 31 = 5*p. Suppose -5*q + p*q = 3. Suppose -5*a + q = -107. What is the highest common divisor of a and 33?
11
Suppose -4*g + 14929 = 4*f - 12275, 4*g - 27212 = 4*f. Calculate the greatest common factor of g and 114.
38
Let r(b) = -10*b - 129. Let j be r(-91). What is the greatest common divisor of j and 639?
71
Let k be 8/(-10)*-5*2. Suppose 114*o = 96*o + 216. Calculate the highest common factor of o and k.
4
Let u(t) = t**2 + 23*t + 124. Let p be u(-10). Let o be 12/3 + (2904/(-4))/p. What is the highest common factor of 25 and o?
25
Suppose -3*s + 7 = -4*k, -2*k - 5*s + 24 + 5 = 0. Let b(n) = 33*n**2 - 3*n + 2. Let h be b(1). What is the greatest common factor of k and h?
2
Let d = 5459 + -5234. Calculate the greatest common divisor of 162 and d.
9
Suppose 0 = -124*s - 788045 + 1957613. Calculate the greatest common factor of 72 and s.
72
Suppose 2*r = -0*r - 3*x + 147, -5*x = -5*r + 355. Let h be 47 + (-2)/(-7 - -5). Calculate the greatest common factor of r and h.
24
Let f = 237 + -234. Let i be (-16)/(-40) + 2/(-5). Suppose -3*y = 4*d - 13, i*y - d = y - 4. What is the highest common factor of f and y?
3
Let r be (-2396)/(-30) - (-2)/15. Let i(y) = y**3 - 18*y**2 + 26*y + 31. Let d be i(16). Let w = d + r. What is the highest common factor of w and 105?
15
Suppose 93744 = -3*l + 8*l + 26*l. Calculate the greatest common divisor of 448 and l.
112
Let y = 12168 - 12148. What is the greatest common factor of 33260 and y?
20
Suppose 2*l = 3*x - 3550, -171*l + 174*l = 4*x - 4733. Calculate the highest common f